[INFO] cloning repository https://github.com/FabinhoB/advent_of_code_2019
[INFO] running `Command { std: "git" "-c" "credential.helper=" "-c" "credential.helper=/workspace/cargo-home/bin/git-credential-null" "clone" "--bare" "https://github.com/FabinhoB/advent_of_code_2019" "/workspace/cache/git-repos/https%3A%2F%2Fgithub.com%2FFabinhoB%2Fadvent_of_code_2019", kill_on_drop: false }`
[INFO] [stderr] Cloning into bare repository '/workspace/cache/git-repos/https%3A%2F%2Fgithub.com%2FFabinhoB%2Fadvent_of_code_2019'...
[INFO] running `Command { std: "git" "rev-parse" "HEAD", kill_on_drop: false }`
[INFO] [stdout] 34a0825e268fa06a0deafe1263545fb80f100e2d
[INFO] checking FabinhoB/advent_of_code_2019 against try#72f88fc4e9458f89516a0b8b0868f3718aec5b47 for pr-74989
[INFO] running `Command { std: "git" "clone" "/workspace/cache/git-repos/https%3A%2F%2Fgithub.com%2FFabinhoB%2Fadvent_of_code_2019" "/workspace/builds/worker-3/source", kill_on_drop: false }`
[INFO] [stderr] Cloning into '/workspace/builds/worker-3/source'...
[INFO] [stderr] done.
[INFO] validating manifest of git repo https://github.com/FabinhoB/advent_of_code_2019 on toolchain 72f88fc4e9458f89516a0b8b0868f3718aec5b47
[INFO] running `Command { std: "/workspace/cargo-home/bin/cargo" "+72f88fc4e9458f89516a0b8b0868f3718aec5b47" "read-manifest" "--manifest-path" "Cargo.toml", kill_on_drop: false }`
[INFO] started tweaking git repo https://github.com/FabinhoB/advent_of_code_2019
[INFO] finished tweaking git repo https://github.com/FabinhoB/advent_of_code_2019
[INFO] tweaked toml for git repo https://github.com/FabinhoB/advent_of_code_2019 written to /workspace/builds/worker-3/source/Cargo.toml
[INFO] crate git repo https://github.com/FabinhoB/advent_of_code_2019 already has a lockfile, it will not be regenerated
[INFO] running `Command { std: "/workspace/cargo-home/bin/cargo" "+72f88fc4e9458f89516a0b8b0868f3718aec5b47" "fetch" "--locked" "--manifest-path" "Cargo.toml", kill_on_drop: false }`
[INFO] running `Command { std: "docker" "create" "-v" "/var/lib/crater-agent-workspace/builds/worker-3/target:/opt/rustwide/target:rw,Z" "-v" "/var/lib/crater-agent-workspace/builds/worker-3/source:/opt/rustwide/workdir:ro,Z" "-v" "/var/lib/crater-agent-workspace/cargo-home:/opt/rustwide/cargo-home:ro,Z" "-v" "/var/lib/crater-agent-workspace/rustup-home:/opt/rustwide/rustup-home:ro,Z" "-e" "SOURCE_DIR=/opt/rustwide/workdir" "-e" "CARGO_TARGET_DIR=/opt/rustwide/target" "-e" "CARGO_HOME=/opt/rustwide/cargo-home" "-e" "RUSTUP_HOME=/opt/rustwide/rustup-home" "-w" "/opt/rustwide/workdir" "-m" "1610612736" "--user" "0:0" "--network" "none" "rustops/crates-build-env@sha256:d92eaeed33fa75130ca1ee6c8a01d1ffb62bac859dfdfb3450e3e5d1c0146529" "/opt/rustwide/cargo-home/bin/cargo" "+72f88fc4e9458f89516a0b8b0868f3718aec5b47" "metadata" "--no-deps" "--format-version=1", kill_on_drop: false }`
[INFO] [stdout] 71939ee13d208c75f8f1b859f370dc96f6c50c25963875a98140a70ccd5c4d87
[INFO] [stderr] WARNING: Your kernel does not support swap limit capabilities or the cgroup is not mounted. Memory limited without swap.
[INFO] running `Command { std: "docker" "start" "-a" "71939ee13d208c75f8f1b859f370dc96f6c50c25963875a98140a70ccd5c4d87", kill_on_drop: false }`
[INFO] running `Command { std: "docker" "inspect" "71939ee13d208c75f8f1b859f370dc96f6c50c25963875a98140a70ccd5c4d87", kill_on_drop: false }`
[INFO] running `Command { std: "docker" "rm" "-f" "71939ee13d208c75f8f1b859f370dc96f6c50c25963875a98140a70ccd5c4d87", kill_on_drop: false }`
[INFO] [stdout] 71939ee13d208c75f8f1b859f370dc96f6c50c25963875a98140a70ccd5c4d87
[INFO] running `Command { std: "docker" "create" "-v" "/var/lib/crater-agent-workspace/builds/worker-3/target:/opt/rustwide/target:rw,Z" "-v" "/var/lib/crater-agent-workspace/builds/worker-3/source:/opt/rustwide/workdir:ro,Z" "-v" "/var/lib/crater-agent-workspace/cargo-home:/opt/rustwide/cargo-home:ro,Z" "-v" "/var/lib/crater-agent-workspace/rustup-home:/opt/rustwide/rustup-home:ro,Z" "-e" "SOURCE_DIR=/opt/rustwide/workdir" "-e" "CARGO_TARGET_DIR=/opt/rustwide/target" "-e" "CARGO_INCREMENTAL=0" "-e" "RUST_BACKTRACE=full" "-e" "RUSTFLAGS=--cap-lints=forbid" "-e" "CARGO_HOME=/opt/rustwide/cargo-home" "-e" "RUSTUP_HOME=/opt/rustwide/rustup-home" "-w" "/opt/rustwide/workdir" "-m" "1610612736" "--user" "0:0" "--network" "none" "rustops/crates-build-env@sha256:d92eaeed33fa75130ca1ee6c8a01d1ffb62bac859dfdfb3450e3e5d1c0146529" "/opt/rustwide/cargo-home/bin/cargo" "+72f88fc4e9458f89516a0b8b0868f3718aec5b47" "check" "--frozen" "--all" "--all-targets" "--message-format=json", kill_on_drop: false }`
[INFO] [stderr] WARNING: Your kernel does not support swap limit capabilities or the cgroup is not mounted. Memory limited without swap.
[INFO] [stdout] a2e508822ad31e288f6ca608f6d3d69ec342ccf14a6dceac3efcabd415a1516f
[INFO] running `Command { std: "docker" "start" "-a" "a2e508822ad31e288f6ca608f6d3d69ec342ccf14a6dceac3efcabd415a1516f", kill_on_drop: false }`
[INFO] [stderr]     Checking advent_of_code_2019 v0.1.0 (/opt/rustwide/workdir)
[INFO] [stdout] error[E0583]: file not found for module `point`
[INFO] [stdout]   --> src/main.rs:12:5
[INFO] [stdout]    |
[INFO] [stdout] 12 |     mod point;
[INFO] [stdout]    |     ^^^^^^^^^^
[INFO] [stdout]    |
[INFO] [stdout]    = help: to create the module `point`, create file "src/crate03/point.rs"
[INFO] [stdout] 
[INFO] [stdout] 
[INFO] [stdout] error[E0583]: file not found for module `wire`
[INFO] [stdout]   --> src/main.rs:13:5
[INFO] [stdout]    |
[INFO] [stdout] 13 |     mod wire;
[INFO] [stdout]    |     ^^^^^^^^^
[INFO] [stdout]    |
[INFO] [stdout]    = help: to create the module `wire`, create file "src/crate03/wire.rs"
[INFO] [stdout] 
[INFO] [stdout] 
[INFO] [stdout] error[E0583]: file not found for module `point`
[INFO] [stdout]   --> src/main.rs:12:5
[INFO] [stdout]    |
[INFO] [stdout] 12 |     mod point;
[INFO] [stdout]    |     ^^^^^^^^^^
[INFO] [stdout]    |
[INFO] [stdout]    = help: to create the module `point`, create file "src/crate03/point.rs"
[INFO] [stdout] 
[INFO] [stdout] 
[INFO] [stdout] error[E0583]: file not found for module `wire`
[INFO] [stdout]   --> src/main.rs:13:5
[INFO] [stdout]    |
[INFO] [stdout] 13 |     mod wire;
[INFO] [stdout]    |     ^^^^^^^^^
[INFO] [stdout]    |
[INFO] [stdout]    = help: to create the module `wire`, create file "src/crate03/wire.rs"
[INFO] [stdout] 
[INFO] [stdout] 
[INFO] [stdout] error[E0432]: unresolved import `crate::crate03::point::Point`
[INFO] [stdout]  --> src/crate03/main03.rs:1:5
[INFO] [stdout]   |
[INFO] [stdout] 1 | use crate::crate03::point::Point;
[INFO] [stdout]   |     ^^^^^^^^^^^^^^^^^^^^^^^^^^^^ no `Point` in `crate03::point`
[INFO] [stdout] 
[INFO] [stdout] 
[INFO] [stdout] error[E0432]: unresolved import `crate::crate03::wire::Wire`
[INFO] [stdout]  --> src/crate03/main03.rs:2:5
[INFO] [stdout]   |
[INFO] [stdout] 2 | use crate::crate03::wire::Wire;
[INFO] [stdout]   |     ^^^^^^^^^^^^^^^^^^^^^^^^^^ no `Wire` in `crate03::wire`
[INFO] [stdout] 
[INFO] [stdout] 
[INFO] [stdout] error[E0432]: unresolved import `crate::crate03::point::Point`
[INFO] [stdout]  --> src/crate03/main03.rs:1:5
[INFO] [stdout]   |
[INFO] [stdout] 1 | use crate::crate03::point::Point;
[INFO] [stdout]   |     ^^^^^^^^^^^^^^^^^^^^^^^^^^^^ no `Point` in `crate03::point`
[INFO] [stdout] 
[INFO] [stdout] 
[INFO] [stdout] error[E0432]: unresolved import `crate::crate03::wire::Wire`
[INFO] [stdout]  --> src/crate03/main03.rs:2:5
[INFO] [stdout]   |
[INFO] [stdout] 2 | use crate::crate03::wire::Wire;
[INFO] [stdout]   |     ^^^^^^^^^^^^^^^^^^^^^^^^^^ no `Wire` in `crate03::wire`
[INFO] [stdout] 
[INFO] [stdout] 
[INFO] [stdout] error: aborting due to 4 previous errors
[INFO] [stdout] 
[INFO] [stdout] 
[INFO] [stdout] Some errors have detailed explanations: E0432, E0583.
[INFO] [stdout] 
[INFO] [stdout] For more information about an error, try `rustc --explain E0432`.
[INFO] [stdout] 
[INFO] [stderr] error: could not compile `advent_of_code_2019`.
[INFO] [stderr] 
[INFO] [stderr] To learn more, run the command again with --verbose.
[INFO] [stderr] warning: build failed, waiting for other jobs to finish...
[INFO] [stdout] error: aborting due to 4 previous errors
[INFO] [stdout] 
[INFO] [stdout] 
[INFO] [stdout] Some errors have detailed explanations: E0432, E0583.
[INFO] [stdout] 
[INFO] [stdout] For more information about an error, try `rustc --explain E0432`.
[INFO] [stdout] 
[INFO] [stderr] error: build failed
[INFO] running `Command { std: "docker" "inspect" "a2e508822ad31e288f6ca608f6d3d69ec342ccf14a6dceac3efcabd415a1516f", kill_on_drop: false }`
[INFO] running `Command { std: "docker" "rm" "-f" "a2e508822ad31e288f6ca608f6d3d69ec342ccf14a6dceac3efcabd415a1516f", kill_on_drop: false }`
[INFO] [stdout] a2e508822ad31e288f6ca608f6d3d69ec342ccf14a6dceac3efcabd415a1516f
